- 100)).
-70
Evaluate (76 - -66 - 75) + (1 - 20).
48
What is the value of (-4103 - -4097) + -50 + 2 + (2 - -4) + -3?
-51
What is the value of 71 + -130 + (14 - -20)?
-25
Calculate -57 + 21 + 32 + -28.
-32
Calculate 54 + 20 + -13 + (479 - 447).
93
What is the value of -147 + 75 + (101 - 82)?
-53
What is the value of (-26 - 1) + -39 + 54 + 93?
81
-18 + (76 + -53 - (2 + -23))
26
What is the value of (44 - (-103 - -115)) + -140?
-108
What is -4226 - -4234 - (-64 + -3)?
75
-74 + -93 + 56 + 135
24
Calculate (11 - (-2 + 3 + -1) - 10) + 40.
41
Evaluate 20 - (6 + -2 - -5 - (-12 + 10)).
9
Calculate -7 + 37 - (6 + -7 + (-12 - -17)).
26
What is the value of 1 + -18 + -14 + (-2 - -43 - 61)?
-51
Calculate (11 - -1) + (50 - -1) + -30.
33
What is 6 + 0 - 5 - (60 - ((-1 - -5) + 7))?
-48
Evaluate -1 + 48 + (-18 + -12 - -15).
32
Evaluate (-127 - (113 + -282)) + 44.
86
What is 3 + -48 + (12 - (6 + 0) - -5) + 6?
-28
What is the value of -1 + (-11 - (-2 + 0)) - (-1184 + 1210)?
-36
What is the value of 56 - (27 - (-63 - -70))?
36
Calculate (-63 - (0 + -10 - 8)) + 10 + 1.
-34
What is (101 - (6 + (2 - 4))) + -380 + 378?
95
What is -2 - (-19 + 40) - (12 + 3)?
-38
Evaluate (14 - (15 - 5) - -23) + -36.
-9
What is the value of 1 + 9 + 47 + -33 + -17 - 28?
-21
-17 - (0 + -101 - (-26 + -58 + 90))
90
Evaluate -220 + 173 - (-19 - -1) - -16.
-13
-160 + 93 - -75 - 93
-85
What is the value of -86 + 10 + 41 + -53?
-88
What is -28 + (271 - 135) + -147?
-39
What is the value of 73 - (23 + (-1 - 11) + (2 - -4))?
56
132 + -127 + -3 + (-2 - 51)
-51
Calculate 23 - (78 - 89 - (2 - 28)) - 9.
-1
What is the value of 73 + (-116 - -22) + 105?
84
Calculate 58 - (-28 - -35 - -4) - 27.
20
What is the value of -71 + 118 + (-10 - -32)?
69
Calculate (54 - 43) + -29 - -21.
3
-233 - (-72 + -157) - (-56 + 1 - (2 - 2))
51
-24 - -4 - (-22 - -2 - (-75 - -132))
57
Evaluate (-26 + 62 - 26 - (12 - -1)) + -45.
-48
Evaluate -3 - (4 + -1 + -6 - -1) - (214 + -250).
35
65 - (151 + (76 - 281))
119
What is 128 + (51 - 327) + 169?
21
Calculate 1 + -2 - (-465 - -474) - 28.
-38
(-312 - -313) + (0 - -29 - 0) + -3
27
What is the value of 83 - (98 + -84) - 41?
28
What is -33 + (27 - -56) + -53?
-3
What is -220 + 208 + (-3 - -35) + 0?
20
-52 - (4 - (65 + -46))
-37
Calculate (2 - 115) + (-9571 - -9685).
1
What is -57 + -25 - -72 - (-50 + -2 - (-1 + 1))?
42
Calculate (-29 - 31 - -64) + (2 + 3 - -67).
76
What is the value of 125 + (-86 - -93 - (23 + 5 - 6))?
110
-8 + 15 + -23 + 28 - 10
2
Evaluate 84 + (13 - ((4 + -9 - 12) + 40)).
74
What is the value of (6 + (-4 - 12) - (-13 + 6)) + -14 + -27?
-44
-6 + (24 - (53 - 32))
-3
-2 + 0 + 21 + 12
31
What is the value of -683 + 722 - (2 + -1)?
38
What is (48 + -42 - 6) + -9 + (4 - 2) - 42?
-49
What is the value of -24 - (26 + -9 + 24) - -3?
-62
Evaluate -10 + -12 + (-23 - -52).
7
Calculate (0 + 10 - (-5 + 7) - 19) + (-1 - 10).
-22
Calculate -7 + 3 - (33 + -5 - 26).
-6
What is (-9 - -6) + 26 + (4 - -32)?
59
Evaluate (2 + (-21 - -13) - -22 - 12) + (1 - 15).
-10
What is (-13 - 3 - -9) + 17 + 1 + -6 - -12?
17
37 + (-170 - -55) + 174
96
Evaluate (-2 + (-27 - -8) - 6) + 96.
69
Evaluate -42 + 14 + (-8 - -1 - (8 + -9 + -12)).
-22
What is -55 - ((-6 - 0) + (42 + -37 - 15))?
-39
Evaluate (54 - (55 - 3)) + -26.
-24
Evaluate (-25 - 5) + 32 + -57 + (-5 - -2).
-58
What is (10 - (3 + (-21 - -22))) + 1 + 0 + -48?
-41
151 + -172 - ((2 - 11) + 0)
-12
Calculate (0 - -4) + (3 - (32 - 10) - -58).
43
Calculate -80 + -16 + (117 - -48).
69
40 - (-15 + (131 - 18))
-58
39 - (-15 - -39) - (-5 + (3 - -12))
5
-24 + 73 + 50 + -100
-1
-7 - (24 + -47 + 32) - -37
21
What is the value of (22 - (5 - (-4 + -8))) + -38?
-33
-21 - 12 - (39 + -4)
-68
Evaluate (242 - 148) + -27 - (25 + 0).
42
Evaluate -40 - (-13 + (-56 - -18) - -24).
-13
-109 - ((21 - (58 - -3)) + 31)
-100
What is -139 + 28 + (82 - 44) + -25?
-98
Calculate (-6 - -1) + (-54 + -5 - (-1 - (7 + -8))).
-64
What is -28 + (-18 - -17) + 20 + 34?
25
95 - (-62 - (-27 - 76))
54
What is -17 + (18 - 24) - 30 - (2 + -1)?
-54
Evaluate -75 + (27 + 55 - 62).
-55
Calculate -7 + (-9 - -14) + (6 + -7 + 1 - -4).
2
What is -17 + -19 + 5 + -7 + (8 - -2)?
-28
What is the value of (-11 - (2 + 5)) + 0 + 38?
20
What is (1 + 5 + 1 - (6 - -3)) + -5 + 34?
27
What is the value of 1 - 5 - (-13 + (58 - (17 - 45)))?
-77
What is the value of 28 + -46 + 33 + -4 + 19 + 1?
31
Calculate 14 + -19 + 13 + (16 - 65).
-41
-21 - (-1 + -1 + 13 - (10 + 0 + -6))
-28
Calculate 14 + (23 - 74 - (-25 - 5)).
-7
What is the value of -11 + -72 - -166 - 48?
35
What is 74 + 21 + -16 + 10 + -10 + (0 - -5)?
84
Calculate 38 + -6 + (-13 + 18 + -19 - (-3 - 0)).
21
Evaluate 157 + -116 - (-6 + 27).
20
Calculate 18 + (12 + -4 + 7 + 1 - 47).
-13
What is -2 - (-4 - (-47 + (-6 - 0))) - 0?
-51
Evaluate -1 - -113 - (17898 - 17874).
88
Calculate -5 - (-3 + 0 + 4) - (-95 - -39).
50
(1 - 22) + 0 - (-4825 - -4847)
-43
Evaluate (17 - 67) + 31 - (15 + 0).
-34
Calculate -3 + (51 + -40 - (8 - 2)) - 14.
-12
(8 - (-6 + 0)) + (63 - 29) - -2
50
Calculate 88 - (108 - (-130 + 133)).
-17
Evaluate -6 - -1 - -3 - (-32 - -49 - (61 + -7)).
35
68 + (17 - ((-7 - 1) + (-12 - -18) + 12))
75
What is -35 + (0 - 2) - ((-11 - -105) + -104)?
-27
2 - ((-15 + 8 - -10) + (3 - (17 + -9)))
4
(-1 - 0) + 3 + (-7 - 14) + 11 - -91
83
(-2 - -1 - 6) + -2 + (16046 - 16025)
12
What is 1 + ((-58 - 2) + 49 - (-15 + 0))?
5
Evaluate -95 + 12 - (10 + (-5 - (8 + 19)) + 7).
-68
238 + -260 + (-3 - -49) - 30
-6
What is (11 - -1) + (411 - 332 - (-2 + (2 - -1)))?
90
Calculate 1 + -78 + -1073 + 1067 - -27.
-56
Calculate -33 - (136 + -153 - (-4 - (-2 - -2))).
-20
Evaluate (-3 - -2 - 25) + (115 - 120).
-31
What is the value of 7 + -50 + 33 + 6?
-4
15 - (-4 - -40 - 9 - -1)
-13
What is the value of 11 + -1 + (-1 + (60 - 0) + -5 - 1)?
63
Calculate 9 + (0 - 2) + (-81 - -134) + 1 + 1.
62
Calculate (10 - 3) + (-41 + -7 - -50).
9
What is 146 + -116 + -17 + 42 + (0 + -5 - -3)?
53
What is -25 - -60 - (-75 + (17 - 17))?
110
What is -45 + 29 + (-1 + 3 - -9) + 31?
26
Evaluate -11 + (143 + -141 - (5 - -1)).
-15
Evaluate 72 + (-181 - (120 + -148)).
-81
What is 47 - -6 - 128 - 27?
-102
What is the value of -100 + (-6 - (9 + -8 + (17 - 11) - 0))?
-113
What is -101 - 1 - (1650 + -1709)?
-43
Evaluate 0 + (8 - 6 - -22) - (-109 - -112).
21
66 - ((12 - 56) + 32)
78
5 - 2 - (-6 + 18 + 59) - 1
-69
-381 + 377 - (2 + -28)
22
35 - (87 + (-44 - 3))
-5
(3 - 0) + -4 + -3 - (-93 + (89 - 108))
108
27 + (4 - (85 - -2))
-56
What is 8 + -1 + 0 + -1 + 2843 + -2900?
-51
What is -46 + 113 - (0 + 14)?
53
Evaluate 15 + -22 + 6 + 3 - -3.
5
254 - (117 - -126) - (0 - 1 - (0 - 0))
12
What is the value of 144 + -37 - (11 + 1 + 5 + -15)?
105
-45 + (1 + 1 - (-117 - (30 + -149)))
-45
What is the value of 7 + -1 + (10 - 18 - (0 + (0 - 6)))?
4
Evaluate -13 + (119 + -29 - (-1 + 7)).
71
What is the value of -1012 + 1017 + (3 - 8)?
0
Calculate 53 - -1 - (-16 + (57 - (22 + 6))).
41
Calculate 62 + -19 + (-20 - (12 - 29)).
40
What is 15 - 6 - (248 + -266)?
27
Evaluate (7 - (-19 - -19)) + 5 + -2 + -2 + 52.
60
What is -4 + 22 + -13 + -2 + 14 + -68 + 64?
13
Calculate (-58 - -1 - 2) + 75.
16
What is the value of (-4049 - -4054) + (4 - (1 - (1 - -2))) + -78?
-67
29 + -5 + 0 + -28 + 10
6
What is the value of -197 + 194 + (-2 + 7 - 5) + -1 + -2?
-6
22 - 0 - ((-46 - -25) + 56 + -18)
5
Evaluate 32 - 11 - (1 + -2 - -2).
20
Calculate -43 - (-8 + -12 + 3 - -36) - -2.
-60
What is 1 + 3 - 2 - ((10 - 4) + 0) - -8?
4
Evaluate (88 - 14) + (52 - 56).
70
What is the value of 53 + (-29 + 47 - 77)?
-6
Evaluate -122 - (4 + (-14 - -4) + -22 - -12).
-106
What is 12 + -1 + 266 + (-408 - -116)?
-15
Evaluate (-63 + 19 - -18) + 57 - (2 + 9).
20
What is the value of (-11 + 24 - 26) + -11?
-24
What is (363 + -394 - (-51 + 1)) + (65 - 1)?
83
Evaluate -6 + -1 - (0 + (5 - 7) + -6).
1
Calculate 151 + 67 + -81 + -147.
-10
Evaluate 25 + (31 - (-34 - -38)).
52
What is the value of 98 + -116 + (-9 - (-10 - (1 - (8 - 2))))?
-22
What is the value of (-1 + -10 - (-16 + (39 - 133))) + -16?
83
What is the value of 82 + 68 + -71 + -62?
17
What is the value of -4 + ((-36 - 2) + 0 + 21 - 7)?
-28
What is (-26 - -12) + (-59 - -32)?
-41
What is the value of -1 - (2 - 1) - (1650 + -1675)?
23
What is the value of 30 + (0 - -19) + (-2084 - -2002)?
-33
Calculate (76 + -31 - 66